3*y. Suppose 2*d + 2*t - 21 = -3*t, -4*d + c*t - 33 = 0. What is the units digit of (-216)/(-16) + d/4?
3
Let l = 451 + 3333. What is the units digit of l?
4
Suppose l = -27 + 23, -3*v + 3441 = -3*l. What is the thousands digit of v?
1
Let t(o) = -o**3 + 8*o**2 - 8*o + 6. Let d be t(4). Let q = d - -22. What is the tens digit of q?
6
Let w = 61 + -73. What is the units digit of 317/4 + w*(-4)/64?
0
Let s = -6 - -13. Let r(p) = 4 + p + 2*p - s. What is the units digit of r(2)?
3
Suppose 5*q - 4*u - 1138 = 0, 0 = 5*q - 2*u - 564 - 580. Suppose h = 4*a - 0*h - 480, 2*a - 3*h - q = 0. What is the tens digit of a?
2
Let u = -1731 + 3016. What is the thousands digit of u?
1
Let s be 0 + -2 - (-44)/(-22). What is the units digit of s/16 + 1806/24?
5
Suppose 2*a = 4*a - 8. Suppose a*f + 25 - 141 = 0. What is the units digit of f?
9
Suppose -q + 16 = -14. Let z = q - 20. Suppose -8 = -12*w + z*w. What is the units digit of w?
4
Let r(a) = a**3 + 7*a**2 - 7*a + 11. Let n be r(-8). Suppose 2*j = 2*l - 0 + 52, -n*l - 99 = -4*j. What is the units digit of 1/(3/j) + -1?
6
Let n(o) = -189*o + 33. What is the tens digit of n(-2)?
1
Let x(w) = -26*w + 2. Let d(f) = 1. Let s(t) = -2*d(t) + 2*x(t). Let q be s(-2). Let o = q - 44. What is the units digit of o?
2
Suppose -15 - 5 = 2*w. What is the units digit of 4/w - (-85)/25?
3
Suppose 10 = 2*w - w + 4*t, 0 = -4*t + 8. Suppose 0 = w*x + x + 39. Let g(c) = c**2 + 11*c - 2. What is the units digit of g(x)?
4
Let j(u) be the third derivative of -u**6/120 + 3*u**5/20 - 3*u**4/8 - 3*u**3/2 - 34*u**2. Let o = 13 + -6. What is the tens digit of j(o)?
2
Suppose 719 = 3*q + 173. What is the units digit of q?
2
Suppose -5*t + 30 = 5*w, 2*t + 3*t - 28 = -4*w. Suppose -26 = -o - o + 4*h, 2*h = -w. What is the tens digit of o?
1
Suppose 6348 = 3*o + 3*c, 56*c - 58*c = 5*o - 10595. What is the tens digit of o?
2
Let w = -75 + 2022. What is the units digit of w?
7
Let a be -1*(0 + 1) - -9. Suppose w + a = 55. What is the tens digit of w?
4
Suppose -9*l + 376 = -l. Let v = -3 + l. What is the units digit of v?
4
Let i be (2 + (-4)/(-2))/1. Suppose -i*q + 5*r = -303, -r + 1 = -0. What is the units digit of q?
7
Let u = -55 - -43. What is the units digit of (6/(-8) - 45/u)*1?
3
Let b = 101 + -107. Let r(a) = -15*a + 22. What is the hundreds digit of r(b)?
1
Let w be 12/(-6) - (-7 - -2). Let r = w - -2. Suppose -r*j = -40 - 95. What is the tens digit of j?
2
What is the tens digit of 12420/25 - ((-4)/20 - 0)?
9
Let n = 19 - 14. Suppose h - 2*a + 5*a - 80 = 0, 2*h - 156 = -n*a. What is the units digit of h?
8
Let b be 4 + -3 + (-1 - -2). Suppose -2*t - 24 = -d + 12, -3*d = -b*t - 28. Let y = 31 + t. What is the units digit of y?
1
Let z be (3*-1)/(7/(-14)). What is the units digit of (-72)/20*(-20)/z?
2
Suppose 5*f - 23 = 2. Suppose -34 = -4*j + f*r, 2 = -3*j + 2*r + 24. Suppose -2*x + 3*t = -7, 2*x + 4*t = -3*x + j. What is the units digit of x?
2
Suppose -24 - 21 = 5*n. Let x(z) = -7*z + 7. Let c be x(n). Suppose -2*y + 4*y - c = 0. What is the units digit of y?
5
Suppose -z + 4328 = i, 3*z + 57 = 51. What is the thousands digit of i?
4
Let h(f) = f**2 + 2*f - 10. Let t be (1 - 3) + 3/(-1). What is the units digit of h(t)?
5
Let p(t) = 32*t**2 + 24*t + 234. What is the thousands digit of p(-8)?
2
Let k = -680 + 1809. What is the tens digit of k?
2
Let t(v) = v**3 - 10*v**2 + v + 9. Let f = 58 - 16. Suppose 4*o - f = -5*u, -2*u - o + 13 + 5 = 0. What is the tens digit of t(u)?
1
Let m(c) = -c**2 + 13*c + 15. Let p be m(8). Suppose 5*x + 3*g - p = 4*g, -3*g = -5*x + 65. What is the tens digit of x?
1
What is the hundreds digit of 4135/(0 + 5) - 4?
8
Suppose -10*s + 5*s = -10. Suppose 4*r + 16 = z, -2*z + 38 + 4 = s*r. What is the units digit of (9/(-5))/((-4)/z)?
9
Let p = 32 - -253. What is the units digit of p?
5
Suppose -q - 10 = 4*q. Let s = 2 - q. Suppose i = s*i - 39. What is the tens digit of i?
1
Let x be 15/6*(-16)/(-20). Let w(d) = 2*d**2 - 4*d + 4. Let m be w(x). Suppose k - 4*a - 24 = 0, -m*k - 10 = -9*k - 2*a. What is the units digit of k?
4
Let u(m) = 3*m - 8. Let c(s) be the second derivative of 7*s**3/6 - 17*s**2/2 + 9*s. Let q(h) = -6*c(h) + 13*u(h). What is the tens digit of q(-5)?
1
Suppose 202*o - 187*o - 16875 = 0. What is the hundreds digit of o?
1
Let c(u) = 9*u - 12. Let q be c(-16). Let w = q + 413. What is the hundreds digit of w?
2
Let r(x) = 1. Let v(t) = t - 14. Suppose -4*m - 6 - 4 = 5*u, 3*u + m = 1. Let l(p) = u*r(p) - v(p). What is the units digit of l(14)?
2
Suppose 5*d - 2 = -4*y, 2*d - d + 2 = -2*y. Let i = y - -56. What is the tens digit of i?
5
Suppose y - 2*l - 129 = 0, 4*y - 3*l = -l + 498. Suppose 132 = 4*t - 2*u - 6, -4*t - 3*u = -y. Let h = t - 14. What is the tens digit of h?
1
What is the tens digit of (11/((-220)/228))/(3/(-90))?
4
Let c(r) = -2*r + 29. Let m be c(12). Let v = -1 + m. Suppose -n - 63 = -v*n. What is the units digit of n?
1
Let a be 0 - (77/1)/(-1). Let c = -32 + a. What is the tens digit of c/(-6)*(-36)/10?
2
Suppose n = 3*q - 10, -2*n - 4*q - q = -24. Suppose n*o - 61 = o. What is the units digit of o?
1
Suppose -4*g = -4 - 24. Let j be g/(-2)*(-24 - -2). Suppose 2*q = -3*c + j, c + 0*c = -3*q + 98. What is the tens digit of q?
3
Let y(o) = -o**2 - 70*o - 29. What is the units digit of y(-24)?
5
Let q be (74/6 + 1)*42. Suppose 4*n - q = -4*r, -n - 4*n = -2*r + 252. Suppose g = -3*c - g + r, -2*g - 158 = -4*c. What is the units digit of c?
2
Suppose 2*r - 5*n + 2455 = 0, 3*n + 3424 + 1473 = -4*r. What is the tens digit of (r/10)/(-7)*6/5?
2
Suppose -2*g + 688 = 4*d, 3*d - 4*g - 886 = -2*d. What is the hundreds digit of d?
1
Suppose 7*a - 4*a = 297. Suppose 143 + 1 = 8*d. Suppose 3*y - d = a. What is the tens digit of y?
3
Suppose -23*i - 1065 = -3*j - 28*i, -5*i = -j + 375. What is the tens digit of j?
6
Let a be 2/(-10) - 546/(-30). Let l = a - 12. What is the units digit of l?
6
What is the units digit of 2221 + (12 + -12)*1/2?
1
Let k(h) = 8*h**2 - h. Let s be k(1). Let o = s + -20. Let w = -2 - o. What is the tens digit of w?
1
Suppose 7*h - 22 + 1 = 0. What is the tens digit of h/7 - (-816)/7?
1
Let f(i) = -2072*i - 74. What is the hundreds digit of f(-2)?
0
Let o(k) = -k**3 - 16*k**2 - 16*k - 12. Let l be o(-15). Suppose l*v - 530 = -2*v. What is the tens digit of v?
0
Suppose 5*t - 27 = 3*o - o, t + 5 = 3*o. Suppose 83 = t*v - 561. What is the tens digit of v?
9
Let d be 5/(-2 + 2 + 1). Suppose -4*v + 2*s = -72, -d*s + 6 = -14. What is the units digit of v?
0
Suppose 0 = z - 2*d - 2117, -4*z + 2*d + 2353 = -6103. What is the tens digit of z?
1
Let c(a) be the third derivative of 5*a**4/8 + 4*a**3/3 + a**2. Let u(i) = i + 1. Let p(o) = c(o) - 5*u(o). What is the tens digit of p(5)?
5
Let s(p) = 5*p**2 + 3*p + 2. What is the units digit of s(-4)?
0
Let l be (-25)/10*(-3 - 1). Let d be l/6*(-4 - -7). Suppose -69 = -d*m + 16. What is the tens digit of m?
1
Let r be (-1)/(3/15*-1). Let d(l) = -4*l**3 - 2 - 4*l**2 - 3*l + 5*l**3 + l. What is the units digit of d(r)?
3
Let j(w) be the first derivative of w**3/3 + 3*w**2/2 - 10*w - 5. Let l be j(7). Suppose 0 = -0*b + 3*b - l. What is the tens digit of b?
2
Let p(u) = -259*u - 452. What is the tens digit of p(-11)?
9
Let r(x) be the third derivative of x**6/120 + 17*x**5/60 - 11*x**4/12 - 43*x**3/6 - 31*x**2. What is the tens digit of r(-18)?
2
What is the units digit of (-2*615/(-40))/((-2)/(-24))?
9
Suppose -5*w = 5*h, 5*h - 3*w + 5*w = 0. Let q = -8 + 14. Suppose h = q*l - 9*l + 129. What is the tens digit of l?
4
Let s(d) be the first derivative of 2*d**2 - 24*d - 7. Let p be s(-10). What is the units digit of p/6*9/(-6)?
6
Let x = -10 + 8. Let t be (x/6)/((-3)/63). What is the tens digit of ((-1)/1)/(t/(-119))?
1
Let d(w) = w + 29. Let o = -2 + -12. What is the tens digit of d(o)?
1
Suppose 39*b = 10*b + 39005. What is the tens digit of b?
4
Let h be 4/2 - (-195 - 1/1). Let z = h - 104. What is the tens digit of z?
9
Suppose 0 = -25*w + 25713 + 3512. What is the hundreds digit of w?
1
Let x(q) = -q**2 - 15*q - 17. Let g be x(-15). Let s = 5 - g. What is the tens digit of s?
2
Suppose -p - 77 - 24 = 0. Let v = -31 - p. What is the tens digit of v?
7
Suppose 17*o - 13*o - 152 = 0. Suppose 0 = -39*x + o*x + 60. Wh